- 2404. What is the hundreds digit of w?
4
Let t be 0 + -4 - (-1326 + 2). Suppose -10*q + 20 = -6*q, 4*q = -4*b + t. What is the hundreds digit of b?
3
Suppose 2*r + 54*t = 55*t + 3194, 7972 = 5*r + 4*t. What is the units digit of r?
6
Let t be 1380/18 + (-24)/9 + 3. Let m = -37 + t. What is the units digit of m?
0
Let f = -23 - -28. Suppose 2*r - 141 = 3*y - 4*y, 2*y = -f*r + 284. What is the units digit of y?
7
Let t = -47 + 92. Let w = t - 11. What is the units digit of w?
4
Let s = 1044 - 680. Suppose 4*i + 5*o - s = 0, 0 = 5*i + 4*o + o - 460. What is the units digit of i?
6
Suppose 2*f + 4*w - 516 = 0, -w + 63 = -4*f + 1113. What is the units digit of f?
2
Let d(c) = c**2 - 10*c + 6. Let a be d(10). Suppose -659 = -a*x + 211. What is the hundreds digit of x?
1
Let g(d) = 137*d**2 - 3*d + 2. Let w(h) = -137*h**2 + 2*h - 2. Let t(v) = -2*g(v) - 3*w(v). What is the hundreds digit of t(1)?
1
Suppose 5*j = 5*d - 5, j - d = -3*d + 14. Let q(m) = -m**2 - 6*m - 1. Let f be q(-5). Suppose g - j = -2*b, -g = -f*b + 3*g + 8. What is the units digit of b?
2
Suppose 0 = 3*k - 5*k + 2434. What is the units digit of k?
7
Suppose -q + 5*q = -5*a + 13925, -q = -2*a - 3465. What is the hundreds digit of q?
4
Let j(h) = 16*h**3 + 5*h**2 - 8*h + 26. What is the units digit of j(4)?
8
Suppose 9*v + 2*c = 7*v + 816, 2*c = -v + 404. What is the hundreds digit of v?
4
Let a(d) = d**3 + 6*d**2 - 1. Let z(y) = -2*y**2 - 3*y - 2. Let i be z(-2). What is the tens digit of a(i)?
3
Let m(n) = 2*n - 1. Let u(t) = -15*t - 12. Let v(a) = -4*m(a) - u(a). What is the units digit of v(26)?
8
Let p(v) = 57*v**2 - 15*v + 113. What is the thousands digit of p(8)?
3
Suppose -6*t + 4*t = -2*c + 234, 601 = 5*c + 3*t. Suppose -4*n - 2*s + 131 = -c, -s = 4*n - 255. What is the units digit of n?
5
Let h = 139 + 540. What is the hundreds digit of h?
6
What is the tens digit of 3 + 1 + -3 - (-471)/1?
7
Let v = 35 + -57. Let u = 32 + v. What is the units digit of u?
0
Let g(r) = 5*r**2 + 2*r - 1. Let p be g(1). Suppose -o + 3*o + p = 0. Let z(k) = -8*k - 7. What is the tens digit of z(o)?
1
Let y(r) = -318*r + 140. What is the hundreds digit of y(-1)?
4
Let d(g) = -10*g - 7. Let u be d(7). Let c = 132 + u. Suppose -c = 4*k - 5*k. What is the units digit of k?
5
Let m = 903 + -258. What is the units digit of m?
5
Let n(x) = x**2 - 12. Let b be n(4). Suppose 0 = 3*r + 78 - 12. What is the units digit of ((-2)/b)/(r/1628)?
7
Let c(z) = -z**3 - 2*z**2 + 8*z + 8. Suppose 0 = 6*l + 30 - 0. What is the units digit of c(l)?
3
What is the hundreds digit of ((-1004)/(-2))/((-24)/(-6) + -2)?
2
Let n = -3 + 5. Suppose 2*v = 4*f - 2 - n, 3*v - 9 = f. Suppose 4*a - 3*l = 220, l - f*l = 0. What is the tens digit of a?
5
Suppose 0 = -4*t + 5*k + 19, t - k = -4*k - 8. What is the tens digit of 50*(2 - t - 0)?
5
Suppose -7097 + 52079 = 17*d. What is the tens digit of d?
4
Let s(z) = -z**3 - 2*z + 5*z**2 + 8 + 0*z + 7*z + 0*z**3. Let u be s(6). Suppose 55 = -u*l + 3*l. What is the tens digit of l?
5
Let s(u) = -u**2 - 2*u - 1. Let h be s(2). Let y be (-1 - h) + -3 + 0. Suppose -y*l + 5 = 3*r - 75, 5*l - 70 = -5*r. What is the tens digit of l?
1
Let t(n) = -n**3 + 3*n**2 + 5*n. Let l be t(4). Suppose -9 - 7 = l*c. What is the units digit of (-4 + 7)*c/(-6)?
2
What is the tens digit of (-85)/(-20) + -5 + (-3734)/(-8)?
6
Let i(s) = -s**2 + 12*s + 5. Let q be i(12). Let z be q/15 - (-10)/6. What is the units digit of 3/2 - (-95)/z?
9
Let l = -40 + 28. What is the tens digit of (1 + (-232)/l)*3?
6
Let k(o) = -5*o**3 + 2*o**2 + 6*o + 3. Let w = 28 + -31. What is the hundreds digit of k(w)?
1
Let d(w) = -w**3 + w**2 + w - 2. Let n be d(0). Let z be 1/(2*n/16). What is the units digit of (-56)/(-16) - (-6)/z?
2
Let l be ((-8)/4 + -2)/(1/(-1)). Suppose 2*y = l*z + 378, y - 189 = -z - z. What is the tens digit of y?
8
Suppose 0 = 5*j + 4*n - 475, j + 2*n + 380 = 5*j. Suppose -j = -2*c + 9. What is the tens digit of c?
5
Suppose 5*h - 164 = 311. Suppose 4*l - 140 = -4*w, -h = -3*l - 3*w + 5*w. Suppose 4*p = -2*d + 59 + 63, d - l = -p. What is the units digit of p?
8
Suppose -1318*o + 1820 = -1313*o. What is the tens digit of o?
6
Let a be 22/4 + (-4)/(-8). What is the tens digit of 28 - 6*(-3)/a?
3
Suppose -4*f = 3*i + 160, 3*i + 0*i = 2*f - 154. Let k be (104/3)/((-1)/(-3)). Let l = k + i. What is the units digit of l?
2
Let w(l) = 3*l**2 + 10*l + 8. Let n be w(10). Suppose -n = -5*k - 8. What is the units digit of k?
0
Suppose 0*g + 4*g + 24 = 0. What is the tens digit of 6 + g + 4 - -61?
6
Suppose -5*a + 5*v - 784 = -8764, 5*a = 2*v + 7989. What is the tens digit of a?
9
Let x(k) = 63*k**2 - 7*k + 84. What is the hundreds digit of x(6)?
3
Let f be 53 - 1/((-3)/12). Suppose -2*g = -3*t + 4*t - 47, t = 2*g - f. What is the units digit of g?
6
Suppose 3*i + 3*w - 21 = 0, -w + 4 = -3*i + w. Let h = -41 + 11. What is the tens digit of (i + 42/(-15))*h?
2
Let m be (-5 + (-3 - -4))/(-2). Suppose -4*c + 658 = 5*a, a - 5*a = m*c - 326. What is the units digit of c?
7
Suppose 0 = -6*y + 2*y - 2*d - 2, -4*y - 3*d - 7 = 0. Let w = -33 - -105. Suppose 2*r = -y*r + w. What is the tens digit of r?
1
Let z(n) = -n**3 + 8*n**2 + 10*n - 7. Let r be z(9). Suppose -28 + 12 = -p - 3*k, -p + 21 = -r*k. What is the tens digit of p?
1
What is the hundreds digit of 1551 - 49/(-7) - -8?
5
Let h be (-3)/2*4/(-3). Suppose h*r + 1 = -5*g - 0, r = g + 10. Suppose 5*b - r = -2. What is the units digit of b?
1
Let j(q) = q**3 + 4*q**2 - 4*q + 1. Let l be j(-5). Let m be (8/10)/(l/10). What is the units digit of 25 + m/((-2)/(-3))?
2
Let d(u) = -2*u - 8. Let b be d(10). Let l = 35 + b. What is the units digit of l?
7
Let l be (68/51)/((-4)/6). What is the units digit of l/3 - (400/(-3))/2?
6
Let b(l) = 48*l + 1854. What is the hundreds digit of b(0)?
8
Let h(z) = -z**3 + 17*z**2 - 15*z - 11. Let g be h(16). Suppose -k + 114 = g*v - 348, 0 = -5*v - 3*k + 456. What is the tens digit of v?
9
Let a be (7/(-2) + -1)*(-8)/6. Suppose -604 = -4*p + 4*k, -a*k = 5*p - 5*k - 731. What is the hundreds digit of p?
1
What is the thousands digit of 36/(-234) - (-13236)/13?
1
Suppose 0 = 4*y - 5*f - 2457, 5*f = -8 - 17. What is the hundreds digit of y?
6
Suppose -5*k + y + 27171 = 0, -2*y + 1 = -3*y. What is the tens digit of k?
3
Let r be (-3)/(-2)*(-14)/3. Let l be 1/r - 7/(-49). Suppose 45 = 5*s + 2*y, l = s + 5*y + 5 - 14. What is the units digit of s?
9
Let z(q) be the first derivative of 12*q - 4*q**2 - 4 - 1/3*q**3. What is the units digit of z(-9)?
3
Let j be (-51)/(-48)*4 + (-2)/8. Let g = 0 + j. What is the units digit of g?
4
Let o be 3/(-4) - -1 - (-5735)/148. Suppose 3*x - 30 - 59 = -5*l, 0 = x - 3*l - o. What is the tens digit of x?
3
Let i(p) = 9*p**2 - 2*p - 6. Let m(a) = a**2 + 6*a + 3. Let j be m(-5). What is the tens digit of i(j)?
3
Let s = -83 - -69. Suppose 4*h - 2*h + 14 = 0. What is the tens digit of (-292)/h - 4/s?
4
Let v = 129 + -119. Suppose -v*w - 544 + 2104 = 0. What is the units digit of w?
6
Suppose 0 = 7*u + 2*u - 4950. What is the units digit of u?
0
Let l(i) be the third derivative of -i**6/60 + 4*i**5/15 - i**4/12 - 5*i**3/2 + 8*i**2. What is the tens digit of l(7)?
6
Suppose -36*g = 27123 - 123639. What is the tens digit of g?
8
Let i be -4 - (-3)/((-9)/(-462)). Suppose -5*z = -0*z - i. Suppose 0 = m + 2*y - z + 8, -m = -4*y - 52. What is the units digit of m?
2
Let a(y) = -91*y - 192. What is the thousands digit of a(-23)?
1
Let u(w) = w**3 + 7*w**2 - 22*w + 12. Let k be u(9). What is the tens digit of k/9 + 6/9?
2
What is the hundreds digit of -1861*1/3*-3?
8
Let j = -598 + 853. Let m = j + -11. What is the tens digit of m?
4
Suppose -w + 3*y + 3157 = 0, -3*w - 4*y - 1061 + 10584 = 0. What is the units digit of w?
9
Let h(b) = -b**3 + 5*b**2 + 2*b - 2. Let p be h(6). Let i = p + 44. What is the units digit of -9*5*(-24)/i?
0
Suppose -4*x + 0*x + 36 = -2*f, -28 = -3*x + 2*f. Suppose -305 = 3*d - x*d. What is the tens digit of d?
6
Suppose -5*h - 1075 = -p + 2*p, -h - 5*p - 191 = 0. Let s = h + 323. What is the tens digit of s?
0
Let p = -41 + 70. Let t = p - -2. What is the tens digit of t?
3
Let f(v) be the second derivative of -v**4/12 - 3*v**3/2 - 7*v**2/2 + 8*v. What is the tens digit of f(-5)?
1
Let w be (6 - 7)